+ 2.
-12
What is (-63 + 32 - -18) + 6 + -1?
-8
(-9 - -5) + -14 + 3
-15
What is -3 + (-1 - ((11 - 10) + (-2 - -11)))?
-14
Calculate (-11 - -21) + (16 - 30).
-4
What is 0 + -1 + -3 - (6 - (14 + -2))?
2
38 + -29 + 17 + 1
27
What is the value of -12 + 0 + 19 + 15 + -39?
-17
Calculate -20 + 1 + (1071 - 1045).
7
What is the value of (-5 - 2 - 7) + (2 - 4 - -5)?
-11
What is 1 + 11 + (-6 + (2 - 7) - -5)?
6
Evaluate -27 + 1 + (15 - 10).
-21
What is the value of -9 + 3 + (0 - -1) + -13 + 6?
-12
What is -34 + -32 + 16 + 79?
29
(3 - -3) + (-23 - -10 - -15)
8
What is -1 - 0 - (195 - 206) - (-4 - 0)?
14
What is the value of -20 + 0 + -15 + 20?
-15
What is the value of 3 - ((11 - 1 - 11) + (2 - 9))?
11
9 - (1 + -2 - (28 + -7 + -9))
22
Calculate (53 - 59) + 53 - (10 - 1).
38
(-1 - -1 - 4) + -4 + 19 + -12
-1
What is (1 - (5 + 9 + -14)) + (2 - 3)?
0
Calculate 6 - (18 + 6 + -3 - -6).
-21
Evaluate -25 + 38 + -9 + 8.
12
Calculate (-83 - -119) + -21 + -5.
10
Evaluate -3 + (-1 - (-1 + -5 + -8)).
10
Evaluate (-6 - -4) + 3 + -4.
-3
What is -6 + (2 + 0 - 3 - (3 + 0))?
-10
Evaluate 11 - (-17 + -5 + 30).
3
Calculate 2 - 47 - (406 - 428).
-23
Evaluate -5 - 22 - (-5 + -12).
-10
What is the value of 1 - (0 - 0) - (-337 + 331)?
7
Calculate -19 - ((-45 - -11) + 32).
-17
Calculate 7 - -11 - (7 + -3) - 6.
8
Evaluate (-27 - -23) + 25 + 6.
27
What is the value of (4 - 4 - -8 - 9) + -14?
-15
What is the value of -16 + 24 + -15 + 4?
-3
What is the value of 14 + (27 - 14) + -1 + -3?
23
2 + 10 - (-11 - 33 - -64)
-8
What is 1 - (-13 + -5 + 18) - -9?
10
Calculate 18 + 20 - 29 - 10.
-1
What is (10 - 17 - 1) + 1 + 12?
5
Calculate -22 + 1 + 7 + 11 + -2.
-5
What is the value of 0 - (-8 + 0) - ((-8 - 17) + 18)?
15
Evaluate -43 + 41 + (1 - (-7 - 0)).
6
Calculate -10 + 25 + -41 + 22.
-4
What is the value of (2 - (-13 + 10)) + -28 + 2?
-21
Evaluate 7 + (0 - -2 - (13 - 16)).
12
What is -17 + 4 + -19 + 24 - (-1 - 42)?
35
-8 + 19 + -12 + -8
-9
What is the value of 0 + (2 - (-4 - -8 - -3) - -13)?
8
What is the value of 7 + (-12 - (14 - 14))?
-5
What is the value of -10 - (0 + 6 + -7) - (11 - 4)?
-16
878 + -889 + 16 + -1
4
Evaluate 28 - (129 - 117 - (7 - -2)).
25
What is (-1 - -3) + 11 + -39 + 47?
21
Evaluate (-5 - -1) + -2 + -12 + 8 + 5.
-5
What is the value of 23 + -68 + 18 - -12?
-15
Evaluate (5 - (14 + -9)) + -3 + (11 - 2).
6
Evaluate (0 - 2 - -3) + (25 - 16 - 12).
-2
What is 95 + -105 - (2 + -48 - -1)?
35
-4 + 13 + -6 + 32 + 2 + -8
29
Evaluate 9 - (18 + 9) - (4 - 5 - 7).
-10
14 + (-4 - -2 - (-20 - -15))
17
Evaluate 10 + 1 + 6 + -5 + -7 - -1.
6
What is the value of -40 + 27 - (-11 + -2)?
0
-8 + (4 + -1 - -14)
9
What is the value of -36 + (24 - 27) - -12?
-27
12 - ((57 - 13) + -11)
-21
Evaluate -34 + 33 - (2 + -1).
-2
Evaluate -3 - (-1 + -1 - (23 - 35)).
-13
What is the value of -19 - (3 + (8 - 17) - (-2 - -2))?
-13
0 + 29 - (-616 + 650)
-5
What is -14 - (-454 - -461 - (15 - -1))?
-5
Evaluate 2 - -9 - (-114 - -117).
8
Evaluate (-15 - 4) + (-125 - -119).
-25
What is 13 + -6 + (0 - (7 - 6)) - 12?
-6
What is the value of (2 - (-2 + -5)) + -167 + 154?
-4
Evaluate -2 - -14 - (-5 - ((-2 - 2) + 0)).
13
Evaluate 5 + 0 - (8 + (7 - 11 - -3)).
-2
Evaluate -3 - (2 + -9) - (59 + -61).
6
Calculate 9 + (-3 - (-56 - -44 - (-1 + -8))).
9
What is -3 + 9 + 1 + -2 - (1 + 2)?
2
Calculate 8 - ((-10 - -16) + -5).
7
What is the value of 11 + -18 + 7 - (-4 - -2)?
2
Calculate (-2 - 3) + 10 + 10 + -4 + -5.
6
22 + -10 - 7 - -4
9
1 - -5 - ((17 - 18) + 7)
0
15 - (35 + -16) - 2
-6
What is (-17 - -4) + (-12 - (16 + -10))?
-31
Evaluate (-2 - 3) + (4 - 8) - (0 - -15).
-24
What is the value of 4 - (17 - -7 - 47)?
27
Calculate 3 + (-7 - (0 + -5) - (-15 + 3)).
13
What is the value of (32 - 10) + 1 + -14?
9
Calculate (1 - (3 - 1)) + 5 - -8.
12
Calculate 34 - 28 - (1 - (5 - 3)) - -7.
14
What is the value of (59 - 43) + (1 - 24)?
-7
What is the value of 2 - (4 + (-14 - (3 - -3)) - -4)?
14
Evaluate (-1 - 1) + -19 + 16 + (-22 - -1).
-26
Calculate -16 + (22 - (-20 - -9)).
17
(-6 - 11) + 8 - (9 - 3)
-15
What is -40 - -23 - (-5 + -14)?
2
What is -17 + -15 + 14 + 8 + -1?
-11
What is 7 + (21 - (38 + -21)) + 3 + 0?
14
Calculate (-4 - 5) + 22 - 29.
-16
What is 5 - (2 + -2) - (-3 - 5)?
13
What is the value of -295 + 311 + (-2 - 38)?
-24
Calculate -40 + (49 - 29) + 8.
-12
-4 + 18 - (10 - (-5 + 1 + 12))
12
Evaluate (11 - (31 + -59)) + -23.
16
Calculate 19 + (-38 + 11 - -6) - (21 + -1).
-22
What is the value of (-2 - -5 - 2 - (16 + -19)) + -2?
2
What is (1 - 7) + 23 + 17 + -1 + -12?
21
Evaluate -16 + 2 + 3 - -5.
-6
Calculate -7 - (-21 - (5 + -16)).
3
What is the value of (9 + -19 - -19) + -9 + 14?
14
What is -5 + 8 + -4 + (4 - 3 - 0)?
0
What is (0 - (-3 - -2)) + -4 + -3 + 2?
-4
Evaluate (3 - (-4 + 13)) + 2 + -10.
-14
Evaluate -6 + ((-1 - -3) + -2 - -4 - 7).
-9
Evaluate (7 - 3) + -2 + (-94 - -97).
5
Calculate (6 - 4) + 4 + -11 + 3.
-2
What is the value of (-4 - 0) + -22 + -21 + 64?
17
Evaluate 21 - (-13 - (2 + -10) - -4).
22
What is the value of 21 + (38 - (-29 + 58))?
30
Calculate (4 - 2 - (2 + 2)) + 12.
10
What is the value of -15 + 13 + (15 - 3) + -26?
-16
(8 - (-6 + (12 - 2))) + 1 + -4
1
What is -10 - (15 + -26 + 21)?
-20
-18 - (2 - 13) - 8 - -16
1
What is the value of (-17 - -24) + -34 - -16?
-11
-12 + (31 + -13 - 15)
-9
Evaluate (0 - 1 - 1 - 6) + (-548 - -539).
-17
What is the value of 17 + -1 - (-19 + 6 + 30)?
-1
Evaluate 35 + 5 + (-7 - 52).
-19
What is the value of (4 - 3) + (-12 + 20 - -14)?
23
(-17 + 13 - (-21 - 0)) + 17 + -10
24
Evaluate -13 - (-3 + (6 - 19) + 6).
-3
What is the value of (-1 - 1) + -15 + -2 + (8 - 3)?
-14
What is the value of -5 - (10 + 5 + -10)?
-10
Calculate 34 + (42 + -5 - 91).
-20
Calculate -30 - ((-25 - 12) + 41).
-34
What is the value of -14 - -1 - (63 + -71)?
-5
21 + (30 - (-13 - -41))
23
-4 + (2 - 20 - -34)
12
Calculate -3 - (2 + -1 + -1 - (9 + 10)).
16
Calculate 11 + (13 - 23) - (4 - 6).
3
Calculate (0 - -4) + (-21 - -22).
5
What is the value of 0 - 6 - (-73 - -69 - (3 - 2))?
-1
Evaluate 25 + (-17 - (53 - 31)).
-14
Calculate -21 + (16 - -8) - (-1 - -2).
2
What is the value of (20 - (1 - -2 - -17)) + -26 + 1?
-25
(2 - (-2 + 3)) + (-1 - -1)
1
What is the value of -68 - -73 - (-1 + 1 - -27)?
-22
Calculate 9 - (11 + -17) - -1.
16
What is the value of (-5 - (-10 - (4 + -11))) + 7?
5
Evaluate 4 + (0 - (-5 - (3 + 1))).
13
3 - -2 - (-2 + 7) - (5 - 4)
-1
Evaluate -6 + (33 + -12 - -14).
29
What is the value of 7 - (-25 - -9) - (-2 - 0) - 5?
20
What is (-58 - -69) + (-1 + 5 - (-9 - -7))?
17
What is 4 + 6 + -8 + -9?
-7
Evaluate -11 + (-19 + 13 - 1).
-18
-22 + -33 + 62 + -18 + 2 + 2
-7
What is the value of 20 + 4 + -31 + (1 - -1)?
-5
What is the value of (-10 - (3 + -18)) + (0 - 15)?
-10
Evaluate 18 - (-20 + (35 - 8)).
11
What is the value of -1 + 7 - (-37 - (-33 + 2))?
12
What is 12 + 11 + -9 + -19?
-5
What is -2 + 2 + 2 - (-42 - -36)?
8
What is 0 + (-15 - (38 + -41))?
-12
Evaluate 4 + -1 + 1 + -5 + 9.
8
Calculate 9 - 14 - (-15 + -5).
15
Calculate (-4 - 2 - 2) + 11 - -2.
5
Calculate (4 + -8 - (1 - (2 - 1))) + 13.
9
Calculate 63 + -93 + (10 - -14).
-6
-1 + (-1 - -6 - -4) + -4
4
Evaluate 35 + (-36 - (8 + -17)).
8
-18 + (21 - 7) - (-4 + 1) - 6
-7
Evaluate 4 + -6 + (-15 - -2) + 8.
-7
Evaluate -630 + 614 + 5 + 1 + 1.
-9
What is 21 - (10 - 18) - 27?
2
Evaluate (-7 + 20 - (-6 + 14)) + -15 - -20.
10
Calculate 2 - -13 - -2 - (162 - 154).
9
What is the value of (21 - 1) + -31 + 7 + 15?
11
-8 + -5 - ((-1 - 1) + -1 + 0)
-10
Evaluate -12 + (11 - 9) + -10 + 11.
-9
What is -17 + 25 + -6 + -6?
-4
Calculate (1 - -17) + (19 - 26) - 32.
-21
Evaluate (10 - -2) + (-4 - (2 + 0)) + -6.
0
Evaluate (-2 - (-1 - (1 + -10 - -8))) + 5.
3
Calculate -31 + (5 - -13 - 16).
-29
What is the value of 2 - 1 - (16 + -2 + (12 - -8))?
-33
What is 151 - 147 - (-2 + 4 + 2)?
0
What is (-27 - 6) + 13 + (9 - 12)?
-23
Calculate (-3 - (9 + -9 + -3)) + -1.
-1
-5 + 19 - (-4 + (9 - 5))
14
What is -40 + 13 - (10 + -3 - 5)?
-29
What is the value of (-800 - -816) + (0 - 42)?
-26
Evaluate -24 + (8 - 9 - -8).
-17
What is the value of 182 + -194 + (3 - 0)?
-9
What is (1 - (27 + -2)) + 425 + -422?
-21
Calculate (16 - 1) + -113 + 82.
-16
-8 - (-1 - (10 + -2 - 9))
-8
Evaluate 5 + -5 - -9 - -1.
10
What is -2 + 10 + 0 + (-8 - 0)?
0
What is 34 + -13 + -12 - 17?
-8
Calculate (30 -